ate the highest common divisor of 14 and 11.
1
Calculate the greatest common factor of 405 and 65.
5
Calculate the greatest common divisor of 195 and 165.
15
Calculate the highest common factor of 899 and 496.
31
What is the greatest common factor of 288 and 216?
72
What is the highest common factor of 15 and 840?
15
What is the greatest common factor of 84 and 100?
4
Calculate the highest common factor of 621 and 27.
27
What is the highest common factor of 3135 and 60?
15
Calculate the greatest common divisor of 2501 and 164.
41
Calculate the greatest common divisor of 840 and 40.
40
What is the highest common factor of 204 and 1972?
68
What is the highest common factor of 30 and 54?
6
Calculate the highest common factor of 6 and 39.
3
Calculate the highest common factor of 790 and 632.
158
Calculate the highest common factor of 400 and 280.
40
Calculate the highest common divisor of 17 and 34.
17
What is the highest common factor of 63 and 42?
21
What is the greatest common factor of 83 and 1079?
83
What is the greatest common factor of 473 and 86?
43
What is the highest common factor of 117 and 156?
39
Calculate the greatest common divisor of 269 and 3.
1
What is the highest common factor of 5511 and 132?
33
Calculate the greatest common divisor of 1848 and 24.
24
What is the greatest common divisor of 8 and 712?
8
What is the greatest common factor of 553 and 3239?
79
Calculate the greatest common factor of 102 and 19482.
102
Calculate the greatest common factor of 12 and 18.
6
What is the highest common divisor of 5978 and 196?
98
What is the greatest common divisor of 9238 and 124?
62
What is the highest common factor of 323 and 17?
17
Calculate the greatest common factor of 59 and 2891.
59
What is the highest common factor of 696 and 18?
6
What is the highest common divisor of 3255 and 620?
155
Calculate the highest common divisor of 100 and 1350.
50
Calculate the greatest common divisor of 4512 and 96.
96
Calculate the greatest common divisor of 42 and 16.
2
What is the greatest common divisor of 7084 and 184?
92
What is the highest common factor of 4 and 2126?
2
Calculate the highest common divisor of 516 and 828.
12
What is the greatest common factor of 19 and 160873?
19
Calculate the highest common divisor of 212 and 10918.
106
Calculate the highest common divisor of 1508 and 104.
52
Calculate the highest common divisor of 690 and 184.
46
Calculate the greatest common divisor of 52 and 416.
52
Calculate the greatest common divisor of 600 and 96.
24
What is the greatest common divisor of 201 and 2479?
67
What is the highest common divisor of 168 and 4536?
168
What is the highest common factor of 3782 and 62?
62
What is the greatest common divisor of 85 and 20?
5
Calculate the greatest common divisor of 75 and 14300.
25
What is the highest common factor of 60 and 1368?
12
Calculate the highest common factor of 1886 and 46.
46
What is the highest common divisor of 18 and 450?
18
Calculate the highest common divisor of 250 and 5.
5
Calculate the greatest common divisor of 2743 and 169.
13
Calculate the highest common factor of 1513 and 17.
17
What is the highest common divisor of 3 and 43?
1
Calculate the highest common factor of 101934 and 63.
63
Calculate the highest common factor of 2296 and 168.
56
Calculate the greatest common factor of 14 and 392.
14
Calculate the highest common divisor of 1102 and 494.
38
Calculate the highest common divisor of 12 and 3.
3
What is the highest common factor of 16 and 28?
4
What is the highest common divisor of 871 and 67?
67
Calculate the greatest common divisor of 256 and 2536.
8
What is the greatest common factor of 438 and 4891?
73
What is the highest common factor of 80 and 200?
40
Calculate the greatest common divisor of 564 and 84.
12
What is the greatest common divisor of 1972 and 816?
68
What is the highest common factor of 3 and 122?
1
What is the highest common divisor of 442 and 260?
26
What is the highest common divisor of 148 and 222?
74
Calculate the greatest common divisor of 18 and 2052.
18
Calculate the greatest common factor of 72 and 312.
24
What is the highest common divisor of 3640 and 420?
140
Calculate the greatest common divisor of 102427 and 13.
13
What is the greatest common divisor of 26 and 8?
2
What is the highest common divisor of 8125 and 250?
125
What is the highest common divisor of 126 and 99?
9
What is the highest common factor of 740 and 15?
5
Calculate the greatest common factor of 176 and 304.
16
What is the greatest common divisor of 80 and 5?
5
What is the greatest common divisor of 597 and 27?
3
What is the greatest common divisor of 3145 and 85?
85
Calculate the greatest common divisor of 132 and 222.
6
What is the greatest common divisor of 1220 and 4514?
122
What is the highest common factor of 3645 and 5?
5
Calculate the highest common divisor of 189 and 1.
1
What is the highest common factor of 24 and 16?
8
Calculate the highest common factor of 871 and 134.
67
Calculate the greatest common divisor of 1792 and 56.
56
What is the highest common divisor of 588 and 168?
84
What is the greatest common factor of 34 and 4726?
34
Calculate the greatest common divisor of 384 and 12.
12
What is the highest common factor of 2450 and 98?
98
Calculate the highest common divisor of 1000 and 16.
8
What is the greatest common factor of 22 and 550?
22
What is the greatest common divisor of 13 and 16?
1
Calculate the highest common factor of 32 and 48.
16
Calculate the highest common factor of 54 and 24.
6
Calculate the highest common factor of 100 and 5625.
25
Calculate the highest common factor of 33402 and 12.
6
Calculate the highest common divisor of 44 and 60.
4
What is the highest common factor of 28033 and 97?
97
Calculate the highest common divisor of 18 and 3006.
18
Calculate the greatest common factor of 4476 and 6.
6
Calculate the greatest common divisor of 2589 and 9.
3
Calculate the highest common divisor of 452 and 7797.
113
Calculate the highest common factor of 16 and 300.
4
What is the greatest common divisor of 882 and 18?
18
Calculate the greatest common divisor of 18 and 21690.
18
Calculate the highest common factor of 285 and 5035.
95
Calculate the greatest common divisor of 77 and 329.
7
Calculate the highest common divisor of 429 and 55.
11
What is the greatest common divisor of 15 and 70?
5
Calculate the highest common divisor of 2499 and 98.
49
What is the greatest common divisor of 260 and 572?
52
What is the greatest common divisor of 76 and 20?
4
Calculate the highest common factor of 176 and 132.
44
What is the greatest common divisor of 666 and 7955?
37
Calculate the highest common divisor of 187 and 340.
17
Calculate the greatest common divisor of 22101 and 159.
159
Calculate the greatest common factor of 130 and 640.
10
Calculate the highest common factor of 28 and 28.
28
What is the highest common divisor of 12 and 564?
12
Calculate the greatest common factor of 108 and 378.
54
Calculate the highest common factor of 1888 and 59.
59
What is the highest common divisor of 1275 and 17?
17
What is the greatest common factor of 165 and 105?
15
Calculate the highest common divisor of 54 and 414.
18
Calculate the highest common factor of 4248 and 144.
72
Calculate the highest common factor of 418 and 44.
22
What is the highest common factor of 28 and 98?
14
Calculate the highest common divisor of 23409 and 102.
51
What is the greatest common divisor of 69 and 9?
3
What is the greatest common divisor of 3 and 141?
3
What is the highest common divisor of 3 and 33?
3
What is the greatest common factor of 8 and 968?
8
Calculate the greatest common divisor of 825 and 6875.
275
Calculate the greatest common factor of 404 and 15251.
101
What is the greatest common factor of 1638 and 351?
117
Calculate the greatest common factor of 47 and 5029.
47
What is the greatest common factor of 216 and 152?
8
Calculate the highest common factor of 36 and 2844.
36
Calculate the highest common divisor of 95 and 75.
5
Calculate the highest common divisor of 465 and 15.
15
What is the highest common divisor of 3 and 11?
1
What is the greatest common factor of 320 and 128?
64
Calculate the greatest common divisor of 901 and 1007.
53
Calculate the greatest common